 33 + 103032?
103131
In base 7, what is -3 - 1063?
-1066
In base 16, what is 2 - -e?
10
In base 15, what is -a6 - 0?
-a6
In base 15, what is 0 - -6c?
6c
In base 8, what is -44 - 1?
-45
In base 14, what is a - -2?
c
In base 13, what is -51 - 139?
-18a
In base 7, what is -2 - 12?
-14
In base 12, what is 3 + 81?
84
In base 3, what is 100021221 - -12?
100022010
In base 13, what is -3 + 330?
32a
In base 4, what is -333 + 1?
-332
In base 10, what is -124 - -1?
-123
In base 10, what is 19 - 35?
-16
In base 6, what is 103 + 0?
103
In base 8, what is 4776 + 2?
5000
In base 11, what is 1399 + 0?
1399
In base 15, what is 4 - a1b?
-a17
In base 6, what is 4 - -3010?
3014
In base 8, what is -15 - 1?
-16
In base 4, what is 32122 - 1?
32121
In base 9, what is 3 - -3686?
3700
In base 9, what is -561 + -25?
-586
In base 5, what is -2 + -23?
-30
In base 11, what is 49 - -49?
97
In base 12, what is -3 + 38?
35
In base 9, what is 0 - 174?
-174
In base 9, what is -5 + 4875?
4870
In base 12, what is 30 - 2?
2a
In base 4, what is -2 + -111120?
-111122
In base 15, what is -cc3 - 1?
-cc4
In base 14, what is -2 + -c2?
-c4
In base 7, what is 404 + 35?
442
In base 15, what is 5 - -e9?
ee
In base 2, what is -1 - -101001001?
101001000
In base 3, what is 11010 - -12?
11022
In base 11, what is -6889 + -5?
-6893
In base 14, what is 4 - 4c?
-48
In base 4, what is 33120 - 0?
33120
In base 8, what is 103 + 4?
107
In base 5, what is -1023 + 12?
-1011
In base 2, what is -101100 - 1001101?
-1111001
In base 5, what is -4 - 403?
-412
In base 10, what is -883 - 8?
-891
In base 7, what is 235 - -416?
654
In base 10, what is 4284 + -3?
4281
In base 9, what is 5 + -1868?
-1863
In base 8, what is 2 - -2117?
2121
In base 8, what is -11 - 137?
-150
In base 5, what is 410013 - -1?
410014
In base 15, what is -2 - -4?
2
In base 13, what is -6 - -357?
351
In base 3, what is -210101 + 11?
-210020
In base 5, what is 3 - -1100?
1103
In base 11, what is -91 - -224?
143
In base 8, what is 16 - -6?
24
In base 14, what is -8 + -d1?
-d9
In base 6, what is 511 + -4?
503
In base 8, what is -3 + 70?
65
In base 15, what is 4 + 6a?
6e
In base 12, what is 35b - 2?
359
In base 12, what is 27a + 7?
285
In base 15, what is 0 + 12a?
12a
In base 5, what is 1000 - 12?
433
In base 3, what is 0 - 2110?
-2110
In base 3, what is 0 - 1100121?
-1100121
In base 5, what is -20 - 212?
-232
In base 2, what is -10 - 1001?
-1011
In base 5, what is -1004411 + -1?
-1004412
In base 4, what is -123 + -32?
-221
In base 2, what is -1 - -110110?
110101
In base 8, what is -1 + -715?
-716
In base 7, what is 0 + -10?
-10
In base 11, what is -102 + 2?
-100
In base 6, what is -53143 + -4?
-53151
In base 10, what is -5 - -478?
473
In base 10, what is -2 - -4764?
4762
In base 7, what is 1410 + 5?
1415
In base 9, what is -4 - -7?
3
In base 15, what is -142 + -1?
-143
In base 7, what is 1 - -11?
12
In base 6, what is -110 - 0?
-110
In base 16, what is -12 - c?
-1e
In base 13, what is 65 + 3?
68
In base 7, what is 12 - 12336?
-12324
In base 8, what is 51 + 67?
140
In base 2, what is -110 - 1001110?
-1010100
In base 7, what is 2 + -40?
-35
In base 14, what is -3 - -303?
300
In base 6, what is 15 - 13?
2
In base 4, what is 123 - -1212?
2001
In base 3, what is -110 - -222?
112
In base 9, what is -104 + -1?
-105
In base 15, what is 1ae + 1?
1b0
In base 16, what is -3d + 4?
-39
In base 8, what is 0 + -127?
-127
In base 5, what is 2210 + 2?
2212
In base 9, what is -87 + 5?
-82
In base 9, what is -5 - -180?
174
In base 3, what is 1101110022 + 0?
1101110022
In base 4, what is 12 + -1122313?
-1122301
In base 4, what is -312 - -1020?
102
In base 14, what is -a - -c?
2
In base 16, what is -b + -9?
-14
In base 6, what is 2001 + -4?
1553
In base 2, what is 0 - -11010?
11010
In base 4, what is 12113112 - 0?
12113112
In base 4, what is -11 + -23111?
-23122
In base 5, what is 10030 - 3?
10022
In base 16, what is -1 - 101?
-102
In base 14, what is -22a + 0?
-22a
In base 4, what is 11 + 132?
203
In base 3, what is 201210 + -10?
201200
In base 7, what is 5 + -3565?
-3560
In base 16, what is -6 - -bc9?
bc3
In base 4, what is 1 + -1301?
-1300
In base 14, what is -1 + 258?
257
In base 16, what is -ae1 - 2?
-ae3
In base 5, what is 4 + -231?
-222
In base 14, what is 5d - -5?
64
In base 13, what is -66 + 5?
-61
In base 16, what is -490 + 3?
-48d
In base 13, what is c1c - -3?
c22
In base 14, what is -1 - 16d?
-170
In base 5, what is 4 + -2041?
-2032
In base 4, what is -301 + -1001?
-1302
In base 7, what is -4 + -233?
-240
In base 12, what is 9 - -5a?
67
In base 4, what is -10 + 213?
203
In base 13, what is -3 - -2a?
27
In base 12, what is -1 - 3?
-4
In base 7, what is 5 - -30?
35
In base 7, what is 6 + -125?
-116
In base 7, what is 116 - -11?
130
In base 7, what is 3140 - 11?
3126
In base 8, what is -632 - 5?
-637
In base 6, what is 1 - -313?
314
In base 14, what is -11 - -41?
30
In base 15, what is 8b0 + -5?
8aa
In base 12, what is 1019 + 5?
1022
In base 5, what is 1110 - -2?
1112
In base 4, what is 2 + -1121?
-1113
In base 15, what is -4 - -a5?
a1
In base 13, what is 38 - -28?
63
In base 2, what is -11110000111 + 100?
-11110000011
In base 11, what is 4 - -5?
9
In base 6, what is -3014 + 2?
-3012
In base 9, what is 0 - -557?
557
In base 5, what is -1 - -10334?
10333
In base 14, what is -9 - 15?
-20
In base 7, what is 2 - 1155?
-1153
In base 10, what is 1 - 1909?
-1908
In base 7, what is 1340 - -2?
1342
In base 4, what is -11 - 2333?
-3010
In base 5, what is 103004 - 3?
103001
In base 7, what is 4 + 10?
14
In base 14, what is -3 + -641?
-644
In base 16, what is 1f77 - -3?
1f7a
In base 14, what is -1b + 12?
-9
In base 3, what is 10 - 20101?
-20021
In base 9, what is -378 - -5?
-373
In base 2, what is 1 + -10011?
-10010
In base 3, what is 1111021 - -12?
1111110
In base 16, what is -7 - -36?
2f
In base 7, what is 1 - -560?
561
In base 13, what is 2 + -2bb?
-2b9
In base 14, what is -9 + 1a?
11
In base 15, what is -2993 + 4?
-298e
In base 16, what is 10 - 5?
b
In base 14, what is 1871 - 4?
186b
In base 2, what is -1 + 110010000011?
110010000010
In base 13, what is -16a - 3?
-170
In base 14, what is -1a - 5?
-21
In base 15, what is -3 + -17?
-1a
In base 12, what is 0 - 1b83?
-1b83
In base 12, what is -787 + -4?
-78b
In base 16, what is -b8 + 5?
-b3
In base 13, what is 82 + -113?
-61
In base 10, what is -698 + -10?
-708
In base 16, what is -19e - -4?
-19a
In base 2, what is -101111110 - 1?
-101111111
In base 14, what is -87 + 1?
-86
In base 6, what is 0 - 3?
-3
In base 8, what is 317 - 0?
317
In base 8, what is -11 - -14?
3
In base 12, what is -34 - -6?
-2a
In base 15, what is -6 + -29?
-30
In base 11, what is -34a - -a?
-340
In base 6, what is 4 - 5400?
-5352
In base 8, what is -20 + 241?
221
In base 6, what is -3303 + -3?
-3310
In base 4, what is 1320 - 103?
1211
In base 6, what is -2104 + 4?
-2100
In base 11, what is 5 + 8?
12
In base 13, what is -1c - 33?
-52
In base 15, what is -8 + e?
6
In base 15, what is 2c - 2?
2a
In base 14, what is 1d + 0?
1d
In base 9, what is 2 - -444?
446
In base 6, what is -5 - -14545?
14540
In base 10, what is -38 + -7?
-45
In base 9, what is 126 - -2?
128
In base 10, what is 7407 - -4?
7411
In base 4, what is -21 + 32?
11
In base 16, what is -320 - -3?
-31d
In base 7, what is -306 + -4?
-313
In base 11, what is -543 + -5?
-548
In base 4, what is -10 - 12002?
-12012
In base 5, what is 1 + -300?
-244
In base 9, what is 6 + 46?
53
In base 14, what is 1 + -28?
-27
In base 4, what is 1311121 + 1?
1311122
In base 4, what is 232 + 21102?
22000
In base 9, what is -120 - 2?
-122
In base 4, what is 3332 - -3?
10001
In base 4, what is 12222 + 2?
12230
In base 4, what is -1120 - 102?
-1222
In base 5, what is -13 - 4?
-22
In base 7, what is 4 - 3031?
-3024
In base 15, what is 3 + 764?
767
In base 14, what is -42 + 4?
-3c
In base 8, what is 7 + 45?
54
In base 9, what is -848 - 5?
-854
In base 8, what is -2 + -3?
-5
In base 11, what is a0 + 5?
a5
In base 8, what is 14 + 15?
31
In base 13, what is -1 - -12bb?
12ba
In base 10, what is -2 - -45?
43
In base 6, what is 1041 - -2?
1043
In base 9, what is 1410 - 1?
1408
In base 6, what is -1 - -30?
25
In base 14, what is 43 + 1?
44
In base 5, what is -132240 + 3?
-132232
In base 2, what is 1010000000 - 11?
10